late the highest common divisor of 2192830 and 3230.
170
What is the highest common divisor of 2175 and 1247783?
29
Calculate the highest common factor of 5271860 and 1705.
1705
Calculate the greatest common factor of 2950 and 4989750.
50
Calculate the highest common divisor of 777 and 107374.
37
Calculate the highest common factor of 2530858 and 176649.
1111
What is the greatest common divisor of 39680 and 28407040?
1280
Calculate the highest common divisor of 1946439266 and 1454.
1454
What is the greatest common divisor of 65143 and 1469?
13
Calculate the greatest common divisor of 1831 and 20393678.
1831
What is the greatest common factor of 7751 and 56741?
23
What is the greatest common divisor of 109885592 and 16?
8
Calculate the highest common divisor of 2417053 and 1062.
59
What is the greatest common divisor of 9968 and 26344?
712
What is the greatest common divisor of 1284 and 812344?
428
What is the highest common divisor of 6240 and 719520?
480
What is the highest common factor of 12201 and 686742?
1743
What is the greatest common divisor of 141 and 633783391?
47
Calculate the highest common factor of 6966 and 48188466.
2322
Calculate the highest common factor of 11798 and 890579.
17
Calculate the greatest common divisor of 20056 and 262548082.
5014
What is the greatest common factor of 270190 and 3857786?
1318
Calculate the highest common factor of 15370 and 57797.
29
Calculate the highest common divisor of 215464560 and 6080.
1520
Calculate the greatest common factor of 615396285 and 15.
15
What is the highest common factor of 26349150 and 510?
510
What is the greatest common factor of 3920 and 16900590?
490
Calculate the highest common divisor of 55210 and 7610.
10
What is the greatest common divisor of 6420 and 73382205?
1605
What is the highest common divisor of 79781 and 100555?
221
What is the greatest common factor of 36 and 303528?
12
Calculate the greatest common factor of 44844 and 21657228.
1212
What is the highest common divisor of 56 and 38138912?
56
What is the highest common divisor of 8761165 and 28?
7
Calculate the highest common factor of 1764 and 4266332.
196
What is the highest common factor of 27294 and 318?
6
Calculate the highest common divisor of 115 and 468284278.
23
Calculate the greatest common factor of 2108 and 12262484.
124
What is the greatest common divisor of 10284 and 1414992?
12
What is the highest common divisor of 126125 and 38427765?
5045
What is the highest common factor of 1848 and 4645608?
264
What is the greatest common factor of 550 and 117487850?
50
What is the highest common divisor of 5365031 and 28?
7
What is the highest common factor of 1186923076 and 2344?
1172
Calculate the highest common divisor of 3372968 and 72.
8
Calculate the highest common divisor of 6143253 and 93.
3
Calculate the greatest common divisor of 24 and 1033494.
6
Calculate the highest common divisor of 3486792 and 12.
12
Calculate the highest common divisor of 11065828 and 608.
76
What is the greatest common divisor of 66 and 129020474?
22
What is the greatest common factor of 81764228 and 1443?
481
What is the greatest common factor of 99936 and 5312?
32
What is the highest common divisor of 23968 and 3388?
28
Calculate the greatest common factor of 1853984 and 17710.
506
Calculate the highest common divisor of 38878751 and 129.
43
What is the greatest common divisor of 3477396 and 2184?
156
What is the greatest common factor of 33216 and 5072187?
519
Calculate the greatest common divisor of 15865376 and 4.
4
Calculate the greatest common divisor of 10235 and 152368.
89
What is the highest common divisor of 9868748 and 2?
2
Calculate the greatest common factor of 611 and 81454431.
47
Calculate the highest common factor of 23666 and 2028.
2
What is the greatest common divisor of 8306480 and 1360?
80
Calculate the highest common factor of 63921 and 705837.
33
Calculate the greatest common factor of 12336360 and 758200.
8920
Calculate the greatest common factor of 22990 and 686070.
1210
What is the greatest common factor of 5014080 and 304?
16
Calculate the highest common divisor of 22215453 and 48425.
1937
Calculate the greatest common divisor of 504 and 914556.
12
Calculate the highest common factor of 7335 and 414718455.
2445
What is the greatest common divisor of 260 and 37619335?
65
What is the highest common factor of 392838 and 55920?
1398
What is the highest common factor of 124155 and 120621?
93
Calculate the highest common divisor of 64449 and 3844071.
2079
Calculate the highest common factor of 455 and 479255.
35
Calculate the highest common divisor of 10919 and 73.
1
What is the greatest common divisor of 10368 and 2257848?
216
Calculate the highest common divisor of 1793 and 21736.
11
What is the highest common divisor of 2378385 and 46971?
153
Calculate the greatest common divisor of 333105 and 1113.
159
Calculate the greatest common factor of 28351032 and 72.
24
Calculate the greatest common divisor of 38 and 49666551.
19
Calculate the highest common factor of 90516 and 406524.
228
Calculate the greatest common factor of 22008 and 978600.
168
What is the greatest common factor of 122643916 and 612?
68
What is the highest common factor of 6512 and 1156916?
148
What is the greatest common divisor of 4695 and 3898728?
939
What is the highest common divisor of 259 and 29776120?
37
Calculate the greatest common factor of 25 and 824726725.
25
What is the highest common divisor of 204494 and 622922?
118
What is the highest common divisor of 2178 and 155070?
18
Calculate the highest common factor of 6786 and 551070.
234
What is the highest common divisor of 884 and 12604412?
68
What is the greatest common divisor of 38 and 147776338?
38
Calculate the highest common factor of 14166 and 24225434.
1574
Calculate the greatest common factor of 9151434 and 126.
18
What is the highest common divisor of 10010321 and 456?
19
Calculate the greatest common factor of 1712989 and 22459.
37
Calculate the greatest common factor of 50 and 96734450.
50
What is the highest common divisor of 1164 and 388524?
12
Calculate the highest common divisor of 41934 and 165822.
174
What is the greatest common divisor of 3004739 and 3215?
643
What is the highest common factor of 20608036 and 1436?
1436
What is the highest common divisor of 200107 and 2775981?
1343
What is the greatest common divisor of 8112 and 2397984?
48
What is the highest common divisor of 9042984 and 27?
9
Calculate the highest common divisor of 112900 and 14100.
100
Calculate the highest common divisor of 3976 and 149478.
14
What is the highest common divisor of 212175 and 3147775?
1025
What is the greatest common factor of 84560 and 10700464?
2416
What is the highest common factor of 1686726 and 15936?
498
Calculate the highest common factor of 175953770 and 8430.
2810
What is the greatest common factor of 11737064 and 30688?
1096
Calculate the highest common divisor of 3387 and 198291.
3
Calculate the highest common factor of 56180003 and 6556.
1639
What is the highest common divisor of 132 and 79696221?
33
What is the highest common factor of 69957 and 17307?
27
What is the highest common factor of 10095 and 13781694?
2019
What is the highest common factor of 145847177 and 1225?
49
Calculate the highest common factor of 293748 and 767726.
538
Calculate the greatest common divisor of 163611710 and 10.
10
What is the greatest common factor of 408761 and 7747?
61
Calculate the greatest common factor of 1902008 and 24012.
92
Calculate the highest common divisor of 7173054 and 60.
6
Calculate the highest common divisor of 495 and 36718605.
495
What is the greatest common factor of 122070135 and 291?
291
Calculate the highest common divisor of 62669322 and 1566.
54
Calculate the greatest common divisor of 106550 and 4033983.
2131
What is the greatest common divisor of 442730 and 5720?
10
Calculate the highest common divisor of 15215 and 135.
5
What is the highest common factor of 9920 and 1122080?
160
Calculate the greatest common divisor of 110 and 567370.
10
What is the greatest common factor of 22689565 and 265?
265
Calculate the highest common factor of 2106 and 52301457.
1053
Calculate the highest common divisor of 15896120 and 960.
40
Calculate the greatest 